a prime number?
False
Is 900595531 a prime number?
False
Is 1537079 prime?
False
Is 1254311 a composite number?
True
Is 62468435 a composite number?
True
Is 2056399 a composite number?
False
Is 5341913 composite?
True
Is 15461051 prime?
True
Is 506063 a prime number?
False
Is 1121293 a composite number?
False
Is 7944437 prime?
True
Is 31808617 a composite number?
False
Is 10793063 a prime number?
True
Is 14191559 a prime number?
False
Is 63955543 composite?
True
Is 1270353617 a prime number?
False
Is 17831489 a prime number?
False
Is 1133455 a composite number?
True
Is 38381831 a prime number?
True
Is 8367517 a prime number?
True
Is 24751021 a prime number?
True
Is 10181558 composite?
True
Is 9635335 prime?
False
Is 5683931 a prime number?
False
Is 12170309 a composite number?
False
Is 21753827 prime?
True
Is 1690763 prime?
False
Is 716885047 composite?
True
Is 433468421 a composite number?
False
Is 2261011 a prime number?
False
Is 164603947 a composite number?
False
Is 14064443 a prime number?
True
Is 57384143 prime?
False
Is 5000909 a composite number?
True
Is 94494353 a composite number?
True
Is 603518953 a composite number?
False
Is 20788315 composite?
True
Is 768358897 prime?
False
Is 508789 a composite number?
False
Is 178046699 a prime number?
True
Is 25237387 a composite number?
True
Is 15023837 composite?
False
Is 114058405 composite?
True
Is 118888537 prime?
False
Is 389053 prime?
False
Is 15084587 composite?
True
Is 13742009 prime?
False
Is 184897 prime?
False
Is 413053 a composite number?
False
Is 178681 a prime number?
True
Is 13062167 a prime number?
False
Is 1169915 a prime number?
False
Is 2368581 a prime number?
False
Is 10355239 composite?
True
Is 265204939 composite?
True
Is 30200867 composite?
True
Is 1012907 a prime number?
False
Is 4575719 a composite number?
True
Is 333767 prime?
False
Is 248971 a composite number?
False
Is 4474493 a composite number?
False
Is 13470803 prime?
True
Is 165944323 a prime number?
True
Is 145203679 prime?
False
Is 149688379 a prime number?
False
Is 1566239 a composite number?
False
Is 5651501 a composite number?
False
Is 50254493 prime?
False
Is 3347353 composite?
True
Is 3169681 composite?
False
Is 472763627 a composite number?
True
Is 1891447 a prime number?
True
Is 209419 prime?
False
Is 735686333 prime?
True
Is 59987953 a composite number?
True
Is 20753665 prime?
False
Is 1625089 prime?
False
Is 344597 a composite number?
True
Is 13949279 composite?
True
Is 958423 a composite number?
False
Is 5967251 a composite number?
False
Is 123479 composite?
False
Is 1977413 a composite number?
True
Is 6384871 composite?
True
Is 616553 a prime number?
False
Is 27321497 composite?
True
Is 218027569 a composite number?
True
Is 23941 prime?
False
Is 65934371 composite?
True
Is 382830479 a composite number?
True
Is 1450060739 composite?
False
Is 1532593 composite?
False
Is 41652059 prime?
True
Is 11384879 prime?
False
Is 148331333 prime?
False
Is 5420347 a prime number?
True
Is 22882733 composite?
True
Is 1118123 a composite number?
False
Is 14174401 a composite number?
True
Is 78290078 a composite number?
True
Is 4931557 composite?
False
Is 4007251 a composite number?
False
Is 107233645 a prime number?
False
Is 5634919 a composite number?
False
Is 44433719 composite?
True
Is 4976413 a prime number?
False
Is 369341759 prime?
False
Is 128883737 composite?
False
Is 140760761 prime?
True
Is 119703331 a prime number?
False
Is 19992823 a composite number?
True
Is 2314453 a prime number?
False
Is 81127883 a prime number?
False
Is 14716153 a composite number?
False
Is 302310553 a composite number?
True
Is 239833 a composite number?
True
Is 10278831 a prime number?
False
Is 66639115 a prime number?
False
Is 609859 composite?
False
Is 34867579 composite?
True
Is 1200740261 prime?
False
Is 68884201 composite?
True
Is 1556082413 prime?
True
Is 430543 composite?
False
Is 101152471 a prime number?
False
Is 52594937 a prime number?
True
Is 50420549 prime?
False
Is 9079013 composite?
False
Is 320385971 a composite number?
True
Is 92839723 composite?
True
Is 61132787 prime?
True
Is 3724807 a composite number?
False
Is 5406421 prime?
True
Is 45840835 a prime number?
False
Is 920369 a prime number?
False
Is 10639043 prime?
False
Is 671311 a composite number?
True
Is 24589757 a composite number?
True
Is 20013731 composite?
False
Is 30145403 composite?
True
Is 1464041 composite?
True
Is 1097049 a composite number?
True
Is 275339 a prime number?
True
Is 97962169 a prime number?
True
Is 24229721 a prime number?
True
Is 15604673 prime?
False
Is 20203457 a composite number?
False
Is 460181 prime?
True
Is 668640601 composite?
False
Is 160147703 prime?
True
Is 893138447 a composite number?
True
Is 57887143 composite?
True
Is 12054074 prime?
False
Is 45506473 prime?
False
Is 1259789 composite?
True
Is 131824997 a composite number?
False
Is 164299211 prime?
True
Is 1658202415 prime?
False
Is 11113813 composite?
False
Is 35206199 a prime number?
False
Is 35348605 a prime number?
False
Is 11015897 a prime number?
True
Is 97472369 composite?
True
Is 102482677 a prime number?
False
Is 9756667 a prime number?
True
Is 3935917 prime?
True
Is 766391 a composite number?
True
Is 16169137 prime?
True
Is 15541441 prime?
False
Is 10340993 prime?
False
Is 1007387 a prime number?
True
Is 485423 composite?
False
Is 638653 composite?
True
Is 91764263 composite?
False
Is 68868589 a prime number?
True
Is 60320503 prime?
False
Is 27768355 prime?
False
Is 290791 a composite number?
False
Is 12879305 composite?
True
Is 41678459 a prime number?
True
Is 1604651 a prime number?
True
Is 4033451 prime?
True
Is 336629519 a prime number?
True
Is 640307111 a prime number?
True
Is 31729447 composite?
False
Is 164475631 a composite number?
True
Is 94951081 prime?
True
Is 441487 composite?
True
Is 25197931 prime?
False
Is 163816529 prime?
True
Is 165806591 composite?
False
Is 1190347 prime?
True
Is 5110783 a composite number?
False
Is 11134373 a composite number?
True
Is 13255243 a composite number?
False
Is 9341911 a prime number?
True
Is 754207 prime?
True
Is 3601823 a composite number?
True
Is 15464851 composite?
True
Is 295167727 composite?
True
Is 70982071 composite?
True
Is 19191857 prime?
False
Is 257702531 a composite number?
False
Is 64611863 a composite number?
True
Is 3264263 composite?
False
Is 92748343 prime?
False
Is 1906447 composite?
True
Is 41874923 prime?
False
Is 1619495 prime?
False
Is 6304741 composite?
False
Is 1356371 a prime number?
True
Is 94318333 a prime number?
True
Is 62631183 a prime number?
False
Is 3188033 a composite number?
False
Is 27962477 a composite number?
True
Is 35394641 a prime number?
True
Is 998532527 a prime number?
False
Is 446631287 composite?
False
Is 254256962 prime?
False
Is 11057983 prime?
False
Is 2516641 a composite number?
True
Is 5597927 composite?
False
Is 741505 a composite number?
True
Is 31369579 a composite number?
False
Is 189132659 a composite number?
False
Is 43551851 a composite number?
True
Is 329001469 a composite number?
False
Is 1935643 a prime number?
False
Is 12341351 prime?
False
Is 8010707 a composite number?
False
Is 4232101 prime?
True
Is 214809851 prime?
True
Is 150053549 a prime number?
True
Is 101524837 a composite number?
False
Is 1864383 a prime number?
False
Is 107162257 composite?
True
Is 2086457 a prime number?
True
Is 4435007 a composite number?
True
Is 581788913 a composite number?
False
Is 1127717 composite?
True
Is 866003 prime?
True
Is 88598221 a composite number?
False
Is 2107627 a prime number?
True
Is 10304867 a prime number?
True
Is 18304147 prime?
True
Is 20715889 composite?
True
Is 3497201 composite?
False
Is 11588449 composite?
True
Is 2355987 composite?
True
Is 29665861 prime?
True
Is 8462813 composite?
False
Is 53501863 a prime number?
True
Is 49332019 composite?
True
Is 168133829 a composite number?
True
Is 596522971 a composite number?
True
Is 1697010077 composite?
True
Is 307485571 prime?
True
Is 1457605 a prime number?
False
Is 145511 prime?
True
Is 2446519 prime?
False
Is 7650427 a composite number?
True
Is 50893991 a composite number?
False
Is 8075339 a prime number?
True
Is 145276459 a composite number?
False
Is 3711503 prime?
False
Is 44938507 a composite n